CRAN Package Check Results for Package ggpol

Last updated on 2020-12-04 00:48:22 CET.

Flavor Version Tinstall Tcheck Ttotal Status Flags
r-devel-linux-x86_64-debian-clang 0.0.7 10.22 51.97 62.19 OK
r-devel-linux-x86_64-debian-gcc 0.0.7 8.40 40.69 49.09 OK
r-devel-linux-x86_64-fedora-clang 0.0.7 79.84 NOTE
r-devel-linux-x86_64-fedora-gcc 0.0.7 67.24 NOTE
r-devel-windows-ix86+x86_64 0.0.7 18.00 69.00 87.00 OK
r-patched-linux-x86_64 0.0.7 9.34 49.46 58.80 OK
r-patched-solaris-x86 0.0.7 87.40 NOTE
r-release-linux-x86_64 0.0.7 8.65 48.19 56.84 OK
r-release-macos-x86_64 0.0.7 NOTE
r-release-windows-ix86+x86_64 0.0.7 15.00 52.00 67.00 OK
r-oldrel-macos-x86_64 0.0.7 NOTE
r-oldrel-windows-ix86+x86_64 0.0.7 13.00 65.00 78.00 OK

Check Details

Version: 0.0.7
Check: dependencies in R code
Result: NOTE
    Namespaces in Imports field not imported from:
     ‘dplyr’ ‘grDevices’
     All declared Imports should be used.
Flavors: r-devel-linux-x86_64-fedora-clang, r-devel-linux-x86_64-fedora-gcc, r-patched-solaris-x86, r-release-macos-x86_64, r-oldrel-macos-x86_64