Last updated on 2020-12-04 00:48:22 CET.
Flavor | Version | Tinstall | Tcheck | Ttotal | Status | Flags |
---|---|---|---|---|---|---|
r-devel-linux-x86_64-debian-clang | 3.3.2 | 28.75 | 405.48 | 434.23 | OK | |
r-devel-linux-x86_64-debian-gcc | 3.3.2 | 21.17 | 291.86 | 313.03 | OK | |
r-devel-linux-x86_64-fedora-clang | 3.3.2 | 509.45 | NOTE | |||
r-devel-linux-x86_64-fedora-gcc | 3.3.2 | 518.71 | NOTE | |||
r-devel-windows-ix86+x86_64 | 3.3.2 | 43.00 | 494.00 | 537.00 | OK | |
r-patched-linux-x86_64 | 3.3.2 | 28.47 | 372.99 | 401.46 | OK | |
r-patched-solaris-x86 | 3.3.2 | 560.50 | NOTE | |||
r-release-linux-x86_64 | 3.3.2 | 25.67 | 377.49 | 403.16 | OK | |
r-release-macos-x86_64 | 3.3.2 | NOTE | ||||
r-release-windows-ix86+x86_64 | 3.3.2 | 32.00 | 364.00 | 396.00 | OK | |
r-oldrel-macos-x86_64 | 3.3.2 | NOTE | ||||
r-oldrel-windows-ix86+x86_64 | 3.3.2 | 32.00 | 541.00 | 573.00 | OK |
Version: 3.3.2
Check: dependencies in R code
Result: NOTE
Namespace in Imports field not imported from: ‘mgcv’
All declared Imports should be used.
Flavors: r-devel-linux-x86_64-fedora-clang, r-devel-linux-x86_64-fedora-gcc, r-patched-solaris-x86, r-release-macos-x86_64, r-oldrel-macos-x86_64
Version: 3.3.2
Check: installed package size
Result: NOTE
installed size is 5.3Mb
sub-directories of 1Mb or more:
R 1.3Mb
doc 2.0Mb
Flavor: r-patched-solaris-x86
Version: 3.3.2
Check: package dependencies
Result: NOTE
Package suggested but not available for checking: ‘vdiffr’
Flavor: r-release-macos-x86_64