Last updated on 2020-12-04 00:48:22 CET.
Flavor | Version | Tinstall | Tcheck | Ttotal | Status | Flags |
---|---|---|---|---|---|---|
r-devel-linux-x86_64-debian-clang | 0.2.0 | 8.57 | 62.48 | 71.05 | OK | |
r-devel-linux-x86_64-debian-gcc | 0.2.0 | 6.75 | 47.05 | 53.80 | OK | |
r-devel-linux-x86_64-fedora-clang | 0.2.0 | 89.81 | NOTE | |||
r-devel-linux-x86_64-fedora-gcc | 0.2.0 | 79.42 | OK | |||
r-devel-windows-ix86+x86_64 | 0.2.0 | 17.00 | 80.00 | 97.00 | OK | |
r-patched-linux-x86_64 | 0.2.0 | 8.91 | 59.22 | 68.13 | OK | |
r-patched-solaris-x86 | 0.2.0 | 110.30 | OK | |||
r-release-linux-x86_64 | 0.2.0 | 7.41 | 58.63 | 66.04 | OK | |
r-release-macos-x86_64 | 0.2.0 | OK | ||||
r-release-windows-ix86+x86_64 | 0.2.0 | 13.00 | 57.00 | 70.00 | OK | |
r-oldrel-macos-x86_64 | 0.2.0 | OK | ||||
r-oldrel-windows-ix86+x86_64 | 0.2.0 | 30.00 | 78.00 | 108.00 | OK |
Version: 0.2.0
Check: Rd cross-references
Result: NOTE
Undeclared package ‘scales’ in Rd xrefs
Flavor: r-devel-linux-x86_64-fedora-clang