Last updated on 2020-12-04 00:48:22 CET.
Flavor | Version | Tinstall | Tcheck | Ttotal | Status | Flags |
---|---|---|---|---|---|---|
r-devel-linux-x86_64-debian-clang | 0.3.0 | 16.14 | 197.75 | 213.89 | OK | |
r-devel-linux-x86_64-debian-gcc | 0.3.0 | 14.95 | 147.21 | 162.16 | OK | |
r-devel-linux-x86_64-fedora-clang | 0.3.0 | 268.40 | OK | |||
r-devel-linux-x86_64-fedora-gcc | 0.3.0 | 259.55 | OK | |||
r-devel-windows-ix86+x86_64 | 0.3.0 | 33.00 | 223.00 | 256.00 | OK | |
r-patched-linux-x86_64 | 0.3.0 | 13.78 | 185.26 | 199.04 | OK | |
r-patched-solaris-x86 | 0.3.0 | 308.10 | WARN | |||
r-release-linux-x86_64 | 0.3.0 | 14.74 | 185.06 | 199.80 | OK | |
r-release-macos-x86_64 | 0.3.0 | WARN | ||||
r-release-windows-ix86+x86_64 | 0.3.0 | 24.00 | 166.00 | 190.00 | OK | |
r-oldrel-macos-x86_64 | 0.3.0 | WARN | ||||
r-oldrel-windows-ix86+x86_64 | 0.3.0 | 36.00 | 238.00 | 274.00 | OK |
Version: 0.3.0
Check: re-building of vignette outputs
Result: WARN
Error(s) in re-building vignettes:
...
--- re-building ‘ggPredict.Rmd’ using rmarkdown
Warning in engine$weave(file, quiet = quiet, encoding = enc) :
Pandoc (>= 1.12.3) and/or pandoc-citeproc not available. Falling back to R Markdown v1.
Loading required package: ggplot2
`geom_smooth()` using formula 'y ~ x'
Loading required package: ggiraph
Loading required package: ggiraphExtra
Attaching package: 'ggiraphExtra'
The following objects are masked from 'package:moonBook':
addLabelDf, getMapping
Loading required package: plyr
PhantomJS not found. You can install it with webshot::install_phantomjs(). If it is installed, please make sure the phantomjs executable can be found via the PATH variable.
Quitting from lines 45-49 (ggPredict.Rmd)
Error: processing vignette 'ggPredict.Rmd' failed with diagnostics:
cannot open the connection
--- failed re-building ‘ggPredict.Rmd’
--- re-building ‘introduction.Rmd’ using rmarkdown
Warning in engine$weave(file, quiet = quiet, encoding = enc) :
Pandoc (>= 1.12.3) and/or pandoc-citeproc not available. Falling back to R Markdown v1.
Loading required package: ggplot2
Loading required package: ggiraph
Loading required package: ggiraphExtra
PhantomJS not found. You can install it with webshot::install_phantomjs(). If it is installed, please make sure the phantomjs executable can be found via the PATH variable.
Warning in normalizePath(f2) :
path[1]="webshot2e6c26587a61.png": No such file or directory
Warning in file(con, "rb") :
cannot open file 'webshot2e6c26587a61.png': No such file or directory
Quitting from lines 28-33 (introduction.Rmd)
Error: processing vignette 'introduction.Rmd' failed with diagnostics:
cannot open the connection
--- failed re-building ‘introduction.Rmd’
SUMMARY: processing the following files failed:
‘ggPredict.Rmd’ ‘introduction.Rmd’
Error: Vignette re-building failed.
Execution halted
Flavor: r-patched-solaris-x86
Version: 0.3.0
Check: re-building of vignette outputs
Result: WARN
Error(s) in re-building vignettes:
--- re-building ‘ggPredict.Rmd’ using rmarkdown
Warning in engine$weave(file, quiet = quiet, encoding = enc) :
Pandoc (>= 1.12.3) and/or pandoc-citeproc not available. Falling back to R Markdown v1.
Loading required package: ggplot2
`geom_smooth()` using formula 'y ~ x'
Loading required package: ggiraph
Loading required package: ggiraphExtra
Attaching package: 'ggiraphExtra'
The following objects are masked from 'package:moonBook':
addLabelDf, getMapping
Loading required package: plyr
PhantomJS not found. You can install it with webshot::install_phantomjs(). If it is installed, please make sure the phantomjs executable can be found via the PATH variable.
Quitting from lines 45-49 (ggPredict.Rmd)
Error: processing vignette 'ggPredict.Rmd' failed with diagnostics:
cannot open the connection
--- failed re-building ‘ggPredict.Rmd’
--- re-building ‘introduction.Rmd’ using rmarkdown
Warning in engine$weave(file, quiet = quiet, encoding = enc) :
Pandoc (>= 1.12.3) and/or pandoc-citeproc not available. Falling back to R Markdown v1.
Loading required package: ggplot2
Loading required package: ggiraph
Loading required package: ggiraphExtra
PhantomJS not found. You can install it with webshot::install_phantomjs(). If it is installed, please make sure the phantomjs executable can be found via the PATH variable.
Warning in normalizePath(f2) :
path[1]="webshotf75d53bfa25a.png": No such file or directory
Warning in file(con, "rb") :
cannot open file 'webshotf75d53bfa25a.png': No such file or directory
Quitting from lines 28-33 (introduction.Rmd)
Error: processing vignette 'introduction.Rmd' failed with diagnostics:
cannot open the connection
--- failed re-building ‘introduction.Rmd’
SUMMARY: processing the following files failed:
‘ggPredict.Rmd’ ‘introduction.Rmd’
Error: Vignette re-building failed.
Execution halted
Flavor: r-release-macos-x86_64
Version: 0.3.0
Check: re-building of vignette outputs
Result: WARN
Error(s) in re-building vignettes:
--- re-building ‘ggPredict.Rmd’ using rmarkdown
Warning in engine$weave(file, quiet = quiet, encoding = enc) :
Pandoc (>= 1.12.3) and/or pandoc-citeproc not available. Falling back to R Markdown v1.
Loading required package: ggplot2
`geom_smooth()` using formula 'y ~ x'
Loading required package: ggiraph
Loading required package: ggiraphExtra
Attaching package: 'ggiraphExtra'
The following objects are masked from 'package:moonBook':
addLabelDf, getMapping
Loading required package: plyr
PhantomJS not found. You can install it with webshot::install_phantomjs(). If it is installed, please make sure the phantomjs executable can be found via the PATH variable.
Quitting from lines 45-49 (ggPredict.Rmd)
Error: processing vignette 'ggPredict.Rmd' failed with diagnostics:
cannot open the connection
--- failed re-building ‘ggPredict.Rmd’
--- re-building ‘introduction.Rmd’ using rmarkdown
Warning in engine$weave(file, quiet = quiet, encoding = enc) :
Pandoc (>= 1.12.3) and/or pandoc-citeproc not available. Falling back to R Markdown v1.
Loading required package: ggplot2
Loading required package: ggiraph
Loading required package: ggiraphExtra
PhantomJS not found. You can install it with webshot::install_phantomjs(). If it is installed, please make sure the phantomjs executable can be found via the PATH variable.
Warning in normalizePath(f2) :
path[1]="webshot16532dc45e82.png": No such file or directory
Warning in file(con, "rb") :
cannot open file 'webshot16532dc45e82.png': No such file or directory
Quitting from lines 28-33 (introduction.Rmd)
Error: processing vignette 'introduction.Rmd' failed with diagnostics:
cannot open the connection
--- failed re-building ‘introduction.Rmd’
SUMMARY: processing the following files failed:
‘ggPredict.Rmd’ ‘introduction.Rmd’
Error: Vignette re-building failed.
Execution halted
Flavor: r-oldrel-macos-x86_64