Last updated on 2020-12-04 00:48:22 CET.
Flavor | Version | Tinstall | Tcheck | Ttotal | Status | Flags |
---|---|---|---|---|---|---|
r-devel-linux-x86_64-debian-clang | 0.3.2 | 109.80 | 141.05 | 250.85 | OK | |
r-devel-linux-x86_64-debian-gcc | 0.3.2 | 73.87 | 107.36 | 181.23 | OK | |
r-devel-linux-x86_64-fedora-clang | 0.3.2 | 332.42 | NOTE | |||
r-devel-linux-x86_64-fedora-gcc | 0.3.2 | 302.46 | NOTE | |||
r-devel-windows-ix86+x86_64 | 0.3.2 | 218.00 | 283.00 | 501.00 | OK | |
r-patched-linux-x86_64 | 0.3.2 | 89.44 | 134.71 | 224.15 | OK | |
r-patched-solaris-x86 | 0.3.2 | 312.70 | NOTE | |||
r-release-linux-x86_64 | 0.3.2 | 88.50 | 135.03 | 223.53 | OK | |
r-release-macos-x86_64 | 0.3.2 | NOTE | ||||
r-release-windows-ix86+x86_64 | 0.3.2 | 159.00 | 218.00 | 377.00 | OK | |
r-oldrel-macos-x86_64 | 0.3.2 | NOTE | ||||
r-oldrel-windows-ix86+x86_64 | 0.3.2 | 205.00 | 297.00 | 502.00 | OK |
Version: 0.3.2
Check: installed package size
Result: NOTE
installed size is 20.4Mb
sub-directories of 1Mb or more:
help 1.1Mb
libs 18.4Mb
Flavors: r-devel-linux-x86_64-fedora-clang, r-release-macos-x86_64, r-oldrel-macos-x86_64
Version: 0.3.2
Check: dependencies in R code
Result: NOTE
Namespace in Imports field not imported from: ‘withr’
All declared Imports should be used.
Flavors: r-devel-linux-x86_64-fedora-clang, r-devel-linux-x86_64-fedora-gcc, r-patched-solaris-x86, r-release-macos-x86_64, r-oldrel-macos-x86_64