Last updated on 2020-12-04 00:48:22 CET.
Flavor | Version | Tinstall | Tcheck | Ttotal | Status | Flags |
---|---|---|---|---|---|---|
r-devel-linux-x86_64-debian-clang | 1.0.7 | 12.56 | 219.99 | 232.55 | OK | |
r-devel-linux-x86_64-debian-gcc | 1.0.7 | 10.06 | 157.39 | 167.45 | OK | |
r-devel-linux-x86_64-fedora-clang | 1.0.7 | 279.00 | OK | |||
r-devel-linux-x86_64-fedora-gcc | 1.0.7 | 262.10 | OK | |||
r-devel-windows-ix86+x86_64 | 1.0.7 | 25.00 | 226.00 | 251.00 | OK | |
r-patched-linux-x86_64 | 1.0.7 | 12.00 | 199.86 | 211.86 | OK | |
r-patched-solaris-x86 | 1.0.7 | 458.40 | NOTE | |||
r-release-linux-x86_64 | 1.0.7 | 9.87 | 201.71 | 211.58 | OK | |
r-release-macos-x86_64 | 1.0.7 | OK | ||||
r-release-windows-ix86+x86_64 | 1.0.7 | 17.00 | 165.00 | 182.00 | OK | |
r-oldrel-macos-x86_64 | 1.0.7 | OK | ||||
r-oldrel-windows-ix86+x86_64 | 1.0.7 | 20.00 | 265.00 | 285.00 | OK |
Version: 1.0.7
Check: package dependencies
Result: NOTE
Packages suggested but not available for checking: 'av', 'gifski'
Flavor: r-patched-solaris-x86