CRAN Package Check Results for Package ggQQunif

Last updated on 2020-12-04 00:48:22 CET.

Flavor Version Tinstall Tcheck Ttotal Status Flags
r-devel-linux-x86_64-debian-clang 0.1.5 4.54 27.89 32.43 OK
r-devel-linux-x86_64-debian-gcc 0.1.5 3.71 21.10 24.81 OK
r-devel-linux-x86_64-fedora-clang 0.1.5 43.51 NOTE
r-devel-linux-x86_64-fedora-gcc 0.1.5 33.13 NOTE
r-devel-windows-ix86+x86_64 0.1.5 8.00 42.00 50.00 OK
r-patched-linux-x86_64 0.1.5 3.92 25.24 29.16 OK
r-patched-solaris-x86 0.1.5 51.90 NOTE
r-release-linux-x86_64 0.1.5 4.16 24.90 29.06 OK
r-release-macos-x86_64 0.1.5 NOTE
r-release-windows-ix86+x86_64 0.1.5 8.00 33.00 41.00 OK
r-oldrel-macos-x86_64 0.1.5 NOTE
r-oldrel-windows-ix86+x86_64 0.1.5 5.00 39.00 44.00 OK

Check Details

Version: 0.1.5
Check: dependencies in R code
Result: NOTE
    Namespace in Imports field not imported from: ‘dplyr’
     All declared Imports should be used.
Flavors: r-devel-linux-x86_64-fedora-clang, r-devel-linux-x86_64-fedora-gcc, r-patched-solaris-x86, r-release-macos-x86_64, r-oldrel-macos-x86_64