CRAN Package Check Results for Package ggExtra

Last updated on 2020-12-04 00:48:22 CET.

Flavor Version Tinstall Tcheck Ttotal Status Flags
r-devel-linux-x86_64-debian-clang 0.9 7.06 50.07 57.13 OK
r-devel-linux-x86_64-debian-gcc 0.9 5.37 40.42 45.79 OK
r-devel-linux-x86_64-fedora-clang 0.9 71.73 NOTE
r-devel-linux-x86_64-fedora-gcc 0.9 61.74 NOTE
r-devel-windows-ix86+x86_64 0.9 12.00 72.00 84.00 OK
r-patched-linux-x86_64 0.9 6.57 49.21 55.78 OK
r-patched-solaris-x86 0.9 91.00 NOTE
r-release-linux-x86_64 0.9 6.27 49.64 55.91 OK
r-release-macos-x86_64 0.9 NOTE
r-release-windows-ix86+x86_64 0.9 9.00 55.00 64.00 OK
r-oldrel-macos-x86_64 0.9 NOTE
r-oldrel-windows-ix86+x86_64 0.9 10.00 70.00 80.00 OK

Check Details

Version: 0.9
Check: dependencies in R code
Result: NOTE
    Namespaces in Imports field not imported from:
     ‘R6’ ‘grDevices’ ‘scales’ ‘utils’
     All declared Imports should be used.
Flavors: r-devel-linux-x86_64-fedora-clang, r-devel-linux-x86_64-fedora-gcc, r-patched-solaris-x86, r-release-macos-x86_64, r-oldrel-macos-x86_64