CRAN Package Check Results for Package ggDCA

Last updated on 2020-12-04 00:48:22 CET.

Flavor Version Tinstall Tcheck Ttotal Status Flags
r-devel-linux-x86_64-debian-clang 1.1 15.33 107.06 122.39 OK
r-devel-linux-x86_64-debian-gcc 1.1 12.37 82.85 95.22 OK
r-devel-linux-x86_64-fedora-clang 1.1 151.16 NOTE
r-devel-linux-x86_64-fedora-gcc 1.1 144.53 NOTE
r-devel-windows-ix86+x86_64 1.1 32.00 126.00 158.00 OK
r-patched-linux-x86_64 1.1 10.10 101.09 111.19 OK
r-patched-solaris-x86 1.1 207.30 NOTE
r-release-linux-x86_64 1.1 10.27 100.32 110.59 OK
r-release-macos-x86_64 1.1 NOTE
r-release-windows-ix86+x86_64 1.1 23.00 92.00 115.00 OK
r-oldrel-macos-x86_64 1.1 NOTE
r-oldrel-windows-ix86+x86_64 1.1 30.00 122.00 152.00 OK

Check Details

Version: 1.1
Check: dependencies in R code
Result: NOTE
    Namespaces in Imports field not imported from:
     ‘do’ ‘survival’
     All declared Imports should be used.
Flavors: r-devel-linux-x86_64-fedora-clang, r-devel-linux-x86_64-fedora-gcc, r-patched-solaris-x86, r-release-macos-x86_64, r-oldrel-macos-x86_64