Last updated on 2020-12-04 00:48:22 CET.
Flavor | Version | Tinstall | Tcheck | Ttotal | Status | Flags |
---|---|---|---|---|---|---|
r-devel-linux-x86_64-debian-clang | 0.3.2 | 4.65 | 63.84 | 68.49 | OK | |
r-devel-linux-x86_64-debian-gcc | 0.3.2 | 3.30 | 49.70 | 53.00 | OK | |
r-devel-linux-x86_64-fedora-clang | 0.3.2 | 87.85 | OK | |||
r-devel-linux-x86_64-fedora-gcc | 0.3.2 | 75.53 | OK | |||
r-devel-windows-ix86+x86_64 | 0.3.2 | 7.00 | 91.00 | 98.00 | OK | |
r-patched-linux-x86_64 | 0.3.2 | 3.49 | 60.83 | 64.32 | OK | |
r-patched-solaris-x86 | 0.3.2 | 120.80 | OK | |||
r-release-linux-x86_64 | 0.3.2 | 4.14 | 60.92 | 65.06 | OK | |
r-release-macos-x86_64 | 0.3.2 | OK | ||||
r-release-windows-ix86+x86_64 | 0.3.2 | 7.00 | 70.00 | 77.00 | OK | |
r-oldrel-macos-x86_64 | 0.3.2 | ERROR | ||||
r-oldrel-windows-ix86+x86_64 | 0.3.2 | 5.00 | 87.00 | 92.00 | OK |
Version: 0.3.2
Check: tests
Result: ERROR
Running ‘testthat.R’ [32s/33s]
Running the tests in ‘tests/testthat.R’ failed.
Last 13 lines of output:
Reason: On CRAN
── Skip (test_set_cache.R:5:3): test that .set_cache creates a cache directory i
Reason: On CRAN
── Skipped tests ──────────────────────────────────────────────────────────────
● On CRAN (23)
══ testthat results ═══════════════════════════════════════════════════════════
Warning (test_caching.R:28:3): cache directory is created if necessary
FAILURE (test_caching.R:29:3): cache directory is created if necessary
[ FAIL 1 | WARN 1 | SKIP 23 | PASS 34 ]
Error: Test failures
Execution halted
Flavor: r-oldrel-macos-x86_64