CRAN Package Check Results for Package geoviz

Last updated on 2020-12-04 00:48:22 CET.

Flavor Version Tinstall Tcheck Ttotal Status Flags
r-devel-linux-x86_64-debian-clang 0.2.2 4.32 94.38 98.70 OK
r-devel-linux-x86_64-debian-gcc 0.2.2 3.61 75.79 79.40 OK
r-devel-linux-x86_64-fedora-clang 0.2.2 122.93 NOTE
r-devel-linux-x86_64-fedora-gcc 0.2.2 115.33 OK
r-devel-windows-ix86+x86_64 0.2.2 10.00 128.00 138.00 OK
r-patched-linux-x86_64 0.2.2 3.92 92.44 96.36 OK
r-patched-solaris-x86 0.2.2 198.90 OK
r-release-linux-x86_64 0.2.2 4.27 92.54 96.81 OK
r-release-macos-x86_64 0.2.2 OK
r-release-windows-ix86+x86_64 0.2.2 8.00 101.00 109.00 OK
r-oldrel-macos-x86_64 0.2.2 NOTE
r-oldrel-windows-ix86+x86_64 0.2.2 5.00 131.00 136.00 OK

Check Details

Version: 0.2.2
Check: package dependencies
Result: NOTE
    Imports includes 22 non-default packages.
    Importing from so many packages makes the package vulnerable to any of
    them becoming unavailable. Move as many as possible to Suggests and
    use conditionally.
Flavor: r-devel-linux-x86_64-fedora-clang

Version: 0.2.2
Check: dependencies in R code
Result: NOTE
    No protocol specified
Flavor: r-oldrel-macos-x86_64