CRAN Package Check Results for Package geospark

Last updated on 2020-12-04 00:48:22 CET.

Flavor Version Tinstall Tcheck Ttotal Status Flags
r-devel-linux-x86_64-debian-clang 0.3.1 6.73 53.99 60.72 OK
r-devel-linux-x86_64-debian-gcc 0.3.1 5.66 43.99 49.65 OK
r-devel-linux-x86_64-fedora-clang 0.3.1 83.08 NOTE
r-devel-linux-x86_64-fedora-gcc 0.3.1 69.86 NOTE
r-devel-windows-ix86+x86_64 0.3.1 17.00 69.00 86.00 OK
r-patched-linux-x86_64 0.3.1 6.70 51.39 58.09 OK
r-patched-solaris-x86 0.3.1 96.90 NOTE
r-release-linux-x86_64 0.3.1 7.28 51.42 58.70 OK
r-release-macos-x86_64 0.3.1 NOTE
r-release-windows-ix86+x86_64 0.3.1 11.00 56.00 67.00 OK
r-oldrel-macos-x86_64 0.3.1 NOTE
r-oldrel-windows-ix86+x86_64 0.3.1 3.00 10.00 13.00 ERROR

Check Details

Version: 0.3.1
Check: dependencies in R code
Result: NOTE
    Namespace in Imports field not imported from: ‘dbplyr’
     All declared Imports should be used.
Flavors: r-devel-linux-x86_64-fedora-clang, r-devel-linux-x86_64-fedora-gcc, r-patched-solaris-x86, r-release-macos-x86_64, r-oldrel-macos-x86_64

Version: 0.3.1
Check: whether package can be installed
Result: ERROR
    Installation failed.
Flavor: r-oldrel-windows-ix86+x86_64