CRAN Package Check Results for Package geos

Last updated on 2020-12-04 00:48:22 CET.

Flavor Version Tinstall Tcheck Ttotal Status Flags
r-devel-linux-x86_64-debian-clang 0.0.1 9.29 37.40 46.69 OK
r-devel-linux-x86_64-debian-gcc 0.0.1 7.05 29.46 36.51 OK
r-devel-linux-x86_64-fedora-clang 0.0.1 58.13 OK
r-devel-linux-x86_64-fedora-gcc 0.0.1 50.39 OK
r-devel-windows-ix86+x86_64 0.0.1 29.00 63.00 92.00 OK
r-patched-linux-x86_64 0.0.1 8.60 34.63 43.23 OK
r-patched-solaris-x86 0.0.1 71.30 OK
r-release-linux-x86_64 0.0.1 8.37 35.27 43.64 OK
r-release-macos-x86_64 0.0.1 OK
r-release-windows-ix86+x86_64 0.0.1 24.00 51.00 75.00 OK
r-oldrel-macos-x86_64 0.0.1 NOTE
r-oldrel-windows-ix86+x86_64 0.0.1 22.00 64.00 86.00 OK

Check Details

Version: 0.0.1
Check: package dependencies
Result: NOTE
    Package suggested but not available for checking: ‘wkutils’
Flavor: r-oldrel-macos-x86_64

Version: 0.0.1
Check: Rd cross-references
Result: NOTE
    Package unavailable to check Rd xrefs: ‘wkutils’
Flavor: r-oldrel-macos-x86_64