CRAN Package Check Results for Package geomultistar

Last updated on 2020-12-04 00:48:22 CET.

Flavor Version Tinstall Tcheck Ttotal Status Flags
r-devel-linux-x86_64-debian-clang 1.1.0 4.07 50.48 54.55 OK
r-devel-linux-x86_64-debian-gcc 1.1.0 3.64 38.99 42.63 OK
r-devel-linux-x86_64-fedora-clang 1.1.0 68.81 NOTE
r-devel-linux-x86_64-fedora-gcc 1.1.0 59.43 NOTE
r-devel-windows-ix86+x86_64 1.1.0 8.00 65.00 73.00 OK
r-patched-linux-x86_64 1.1.0 4.31 47.76 52.07 OK
r-patched-solaris-x86 1.1.0 77.00 NOTE
r-release-linux-x86_64 1.1.0 4.21 49.09 53.30 OK
r-release-macos-x86_64 1.1.0 NOTE
r-release-windows-ix86+x86_64 1.1.0 6.00 53.00 59.00 OK
r-oldrel-macos-x86_64 1.1.0 NOTE
r-oldrel-windows-ix86+x86_64 1.1.0 5.00 65.00 70.00 OK

Check Details

Version: 1.1.0
Check: dependencies in R code
Result: NOTE
    Namespaces in Imports field not imported from:
     ‘pander’ ‘rgdal’ ‘snakecase’ ‘stringr’
     All declared Imports should be used.
Flavors: r-devel-linux-x86_64-fedora-clang, r-devel-linux-x86_64-fedora-gcc, r-patched-solaris-x86, r-release-macos-x86_64, r-oldrel-macos-x86_64