CRAN Package Check Results for Package geomorph

Last updated on 2020-12-04 00:48:22 CET.

Flavor Version Tinstall Tcheck Ttotal Status Flags
r-devel-linux-x86_64-debian-clang 3.3.1 18.08 281.35 299.43 OK
r-devel-linux-x86_64-debian-gcc 3.3.1 14.81 212.62 227.43 OK
r-devel-linux-x86_64-fedora-clang 3.3.1 351.99 OK
r-devel-linux-x86_64-fedora-gcc 3.3.1 348.06 OK
r-devel-windows-ix86+x86_64 3.3.1 31.00 298.00 329.00 OK
r-patched-linux-x86_64 3.3.1 18.46 265.02 283.48 OK
r-patched-solaris-x86 3.3.1 510.20 OK
r-release-linux-x86_64 3.3.1 17.42 266.35 283.77 OK
r-release-macos-x86_64 3.3.1 OK
r-release-windows-ix86+x86_64 3.3.1 22.00 242.00 264.00 OK
r-oldrel-macos-x86_64 3.3.1 WARN
r-oldrel-windows-ix86+x86_64 3.3.1 3.00 7.00 10.00 ERROR

Check Details

Version: 3.3.1
Check: whether package can be installed
Result: WARN
    Found the following significant warnings:
     Warning: 'rgl.init' failed, running with 'rgl.useNULL = TRUE'.
Flavor: r-oldrel-macos-x86_64

Version: 3.3.1
Check: whether package can be installed
Result: ERROR
    Installation failed.
Flavor: r-oldrel-windows-ix86+x86_64