Last updated on 2020-12-04 00:48:22 CET.
Flavor | Version | Tinstall | Tcheck | Ttotal | Status | Flags |
---|---|---|---|---|---|---|
r-devel-linux-x86_64-debian-clang | 0.2.0 | 108.93 | 32.78 | 141.71 | OK | |
r-devel-linux-x86_64-debian-gcc | 0.2.0 | 73.78 | 24.10 | 97.88 | OK | |
r-devel-linux-x86_64-fedora-clang | 0.2.0 | 206.99 | NOTE | |||
r-devel-linux-x86_64-fedora-gcc | 0.2.0 | 179.30 | OK | |||
r-devel-windows-ix86+x86_64 | 0.2.0 | 247.00 | 71.00 | 318.00 | OK | |
r-patched-linux-x86_64 | 0.2.0 | 89.14 | 30.72 | 119.86 | OK | |
r-patched-solaris-x86 | 0.2.0 | 154.40 | OK | |||
r-release-linux-x86_64 | 0.2.0 | 88.30 | 30.91 | 119.21 | OK | |
r-release-macos-x86_64 | 0.2.0 | OK | ||||
r-release-windows-ix86+x86_64 | 0.2.0 | 197.00 | 78.00 | 275.00 | OK | |
r-oldrel-macos-x86_64 | 0.2.0 | OK | ||||
r-oldrel-windows-ix86+x86_64 | 0.2.0 | 163.00 | 58.00 | 221.00 | OK |
Version: 0.2.0
Check: installed package size
Result: NOTE
installed size is 7.4Mb
sub-directories of 1Mb or more:
libs 6.9Mb
Flavor: r-devel-linux-x86_64-fedora-clang