CRAN Package Check Results for Package geometr

Last updated on 2020-12-04 00:48:22 CET.

Flavor Version Tinstall Tcheck Ttotal Status Flags
r-devel-linux-x86_64-debian-clang 0.2.5 57.97 236.57 294.54 OK
r-devel-linux-x86_64-debian-gcc 0.2.5 41.83 175.08 216.91 OK
r-devel-linux-x86_64-fedora-clang 0.2.5 364.69 NOTE
r-devel-linux-x86_64-fedora-gcc 0.2.5 347.64 NOTE
r-devel-windows-ix86+x86_64 0.2.5 127.00 367.00 494.00 OK
r-patched-linux-x86_64 0.2.5 50.19 221.11 271.30 OK
r-patched-solaris-x86 0.2.5 446.70 NOTE
r-release-linux-x86_64 0.2.5 48.95 219.87 268.82 OK
r-release-macos-x86_64 0.2.5 NOTE
r-release-windows-ix86+x86_64 0.2.5 99.00 290.00 389.00 OK
r-oldrel-macos-x86_64 0.2.5 NOTE
r-oldrel-windows-ix86+x86_64 0.2.5 94.00 364.00 458.00 OK

Check Details

Version: 0.2.5
Check: dependencies in R code
Result: NOTE
    Namespaces in Imports field not imported from:
     ‘Rcpp’ ‘readr’
     All declared Imports should be used.
Flavors: r-devel-linux-x86_64-fedora-clang, r-devel-linux-x86_64-fedora-gcc, r-patched-solaris-x86, r-release-macos-x86_64, r-oldrel-macos-x86_64