Last updated on 2020-12-04 00:48:22 CET.
Flavor | Version | Tinstall | Tcheck | Ttotal | Status | Flags |
---|---|---|---|---|---|---|
r-devel-linux-x86_64-debian-clang | 1.0-4 | 3.27 | 36.50 | 39.77 | NOTE | |
r-devel-linux-x86_64-debian-gcc | 1.0-4 | 2.72 | 32.16 | 34.88 | NOTE | |
r-devel-linux-x86_64-fedora-clang | 1.0-4 | 53.30 | NOTE | |||
r-devel-linux-x86_64-fedora-gcc | 1.0-4 | 43.57 | NOTE | |||
r-devel-windows-ix86+x86_64 | 1.0-4 | 6.00 | 56.00 | 62.00 | NOTE | |
r-patched-linux-x86_64 | 1.0-4 | 3.81 | 38.10 | 41.91 | NOTE | |
r-patched-solaris-x86 | 1.0-4 | 75.80 | NOTE | |||
r-release-linux-x86_64 | 1.0-4 | 3.52 | 37.23 | 40.75 | NOTE | |
r-release-macos-x86_64 | 1.0-4 | NOTE | ||||
r-release-windows-ix86+x86_64 | 1.0-4 | 5.00 | 59.00 | 64.00 | NOTE | |
r-oldrel-macos-x86_64 | 1.0-4 | NOTE | ||||
r-oldrel-windows-ix86+x86_64 | 1.0-4 | 5.00 | 55.00 | 60.00 | NOTE |
Version: 1.0-4
Check: DESCRIPTION meta-information
Result: NOTE
Malformed Description field: should contain one or more complete sentences.
Flavors: r-devel-linux-x86_64-debian-clang, r-devel-linux-x86_64-debian-gcc, r-devel-linux-x86_64-fedora-clang, r-devel-linux-x86_64-fedora-gcc, r-devel-windows-ix86+x86_64, r-patched-linux-x86_64, r-patched-solaris-x86, r-release-linux-x86_64, r-release-macos-x86_64, r-release-windows-ix86+x86_64, r-oldrel-macos-x86_64, r-oldrel-windows-ix86+x86_64
Version: 1.0-4
Check: Rd line widths
Result: NOTE
Rd file 'fujitopo.Rd':
\examples lines wider than 100 characters:
PLOC=list(LON=range(fujitopo$lon), x=range(fujitopo$lon), LAT=range(fujitopo$lat), y=range(fujitopo$lat))
These lines will be truncated in the PDF manual.
Flavors: r-devel-linux-x86_64-debian-clang, r-devel-linux-x86_64-debian-gcc, r-devel-linux-x86_64-fedora-clang, r-devel-linux-x86_64-fedora-gcc, r-patched-linux-x86_64, r-release-linux-x86_64
Version: 1.0-4
Check: installed package size
Result: NOTE
installed size is 26.1Mb
sub-directories of 1Mb or more:
data 26.0Mb
Flavors: r-devel-linux-x86_64-fedora-clang, r-devel-windows-ix86+x86_64, r-patched-solaris-x86, r-release-macos-x86_64, r-release-windows-ix86+x86_64, r-oldrel-macos-x86_64, r-oldrel-windows-ix86+x86_64