CRAN Package Check Results for Package geofacet

Last updated on 2020-12-04 00:48:22 CET.

Flavor Version Tinstall Tcheck Ttotal Status Flags
r-devel-linux-x86_64-debian-clang 0.2.0 9.19 280.79 289.98 OK
r-devel-linux-x86_64-debian-gcc 0.2.0 7.68 201.30 208.98 OK
r-devel-linux-x86_64-fedora-clang 0.2.0 326.84 NOTE
r-devel-linux-x86_64-fedora-gcc 0.2.0 325.91 NOTE
r-devel-windows-ix86+x86_64 0.2.0 21.00 305.00 326.00 OK
r-patched-linux-x86_64 0.2.0 9.66 263.22 272.88 OK
r-patched-solaris-x86 0.2.0 370.60 NOTE
r-release-linux-x86_64 0.2.0 9.74 261.66 271.40 OK
r-release-macos-x86_64 0.2.0 NOTE
r-release-windows-ix86+x86_64 0.2.0 17.00 242.00 259.00 OK
r-oldrel-macos-x86_64 0.2.0 NOTE
r-oldrel-windows-ix86+x86_64 0.2.0 19.00 387.00 406.00 OK

Check Details

Version: 0.2.0
Check: dependencies in R code
Result: NOTE
    Namespace in Imports field not imported from: ‘sf’
     All declared Imports should be used.
Flavors: r-devel-linux-x86_64-fedora-clang, r-devel-linux-x86_64-fedora-gcc, r-patched-solaris-x86, r-release-macos-x86_64, r-oldrel-macos-x86_64

Version: 0.2.0
Check: data for non-ASCII characters
Result: NOTE
     Note: found 646 marked UTF-8 strings
Flavors: r-devel-linux-x86_64-fedora-clang, r-devel-linux-x86_64-fedora-gcc, r-patched-solaris-x86, r-release-macos-x86_64, r-oldrel-macos-x86_64