Last updated on 2020-12-04 00:48:22 CET.
Flavor | Version | Tinstall | Tcheck | Ttotal | Status | Flags |
---|---|---|---|---|---|---|
r-devel-linux-x86_64-debian-clang | 0.2.0 | 39.38 | 174.55 | 213.93 | OK | |
r-devel-linux-x86_64-debian-gcc | 0.2.0 | 28.91 | 132.17 | 161.08 | OK | |
r-devel-linux-x86_64-fedora-clang | 0.2.0 | 266.53 | NOTE | |||
r-devel-linux-x86_64-fedora-gcc | 0.2.0 | 254.17 | NOTE | |||
r-devel-windows-ix86+x86_64 | 0.2.0 | 93.00 | 324.00 | 417.00 | OK | |
r-patched-linux-x86_64 | 0.2.0 | 34.73 | 161.89 | 196.62 | OK | |
r-patched-solaris-x86 | 0.2.0 | 346.20 | NOTE | |||
r-release-linux-x86_64 | 0.2.0 | 33.32 | 162.89 | 196.21 | OK | |
r-release-macos-x86_64 | 0.2.0 | NOTE | ||||
r-release-windows-ix86+x86_64 | 0.2.0 | 72.00 | 254.00 | 326.00 | OK | |
r-oldrel-macos-x86_64 | 0.2.0 | NOTE | ||||
r-oldrel-windows-ix86+x86_64 | 0.2.0 | 68.00 | 298.00 | 366.00 | OK |
Version: 0.2.0
Check: dependencies in R code
Result: NOTE
Namespaces in Imports field not imported from:
‘phonTools’ ‘rgdal’ ‘rgeos’
All declared Imports should be used.
Flavors: r-devel-linux-x86_64-fedora-clang, r-devel-linux-x86_64-fedora-gcc, r-patched-solaris-x86, r-release-macos-x86_64, r-oldrel-macos-x86_64