Last updated on 2020-12-04 00:48:22 CET.
Flavor | Version | Tinstall | Tcheck | Ttotal | Status | Flags |
---|---|---|---|---|---|---|
r-devel-linux-x86_64-debian-clang | 1.0.0 | 6.86 | 79.12 | 85.98 | OK | |
r-devel-linux-x86_64-debian-gcc | 1.0.0 | 5.66 | 59.29 | 64.95 | OK | |
r-devel-linux-x86_64-fedora-clang | 1.0.0 | 103.83 | NOTE | |||
r-devel-linux-x86_64-fedora-gcc | 1.0.0 | 95.72 | NOTE | |||
r-devel-windows-ix86+x86_64 | 1.0.0 | 12.00 | 97.00 | 109.00 | OK | |
r-patched-linux-x86_64 | 1.0.0 | 6.46 | 73.89 | 80.35 | OK | |
r-patched-solaris-x86 | 1.0.0 | 152.00 | NOTE | |||
r-release-linux-x86_64 | 1.0.0 | 6.46 | 74.84 | 81.30 | OK | |
r-release-macos-x86_64 | 1.0.0 | NOTE | ||||
r-release-windows-ix86+x86_64 | 1.0.0 | 10.00 | 72.00 | 82.00 | OK | |
r-oldrel-macos-x86_64 | 1.0.0 | NOTE | ||||
r-oldrel-windows-ix86+x86_64 | 1.0.0 | 8.00 | 80.00 | 88.00 | OK |
Version: 1.0.0
Check: dependencies in R code
Result: NOTE
Namespaces in Imports field not imported from:
‘pander’ ‘readr’ ‘tidyr’
All declared Imports should be used.
Flavors: r-devel-linux-x86_64-fedora-clang, r-devel-linux-x86_64-fedora-gcc, r-patched-solaris-x86, r-release-macos-x86_64, r-oldrel-macos-x86_64
Version: 1.0.0
Check: data for non-ASCII characters
Result: NOTE
Note: found 80 marked UTF-8 strings
Flavors: r-devel-linux-x86_64-fedora-clang, r-devel-linux-x86_64-fedora-gcc, r-patched-solaris-x86, r-release-macos-x86_64, r-oldrel-macos-x86_64