Last updated on 2020-12-04 00:48:22 CET.
Flavor | Version | Tinstall | Tcheck | Ttotal | Status | Flags |
---|---|---|---|---|---|---|
r-devel-linux-x86_64-debian-clang | 1.3.8.1.2 | 6.81 | 71.62 | 78.43 | NOTE | |
r-devel-linux-x86_64-debian-gcc | 1.3.8.1.2 | 5.49 | 53.85 | 59.34 | NOTE | |
r-devel-linux-x86_64-fedora-clang | 1.3.8.1.2 | 96.69 | NOTE | |||
r-devel-linux-x86_64-fedora-gcc | 1.3.8.1.2 | 88.28 | NOTE | |||
r-devel-windows-ix86+x86_64 | 1.3.8.1.2 | 10.00 | 82.00 | 92.00 | OK | |
r-patched-linux-x86_64 | 1.3.8.1.2 | 5.95 | 66.41 | 72.36 | NOTE | |
r-patched-solaris-x86 | 1.3.8.1.2 | 109.50 | NOTE | |||
r-release-linux-x86_64 | 1.3.8.1.2 | 6.16 | 68.00 | 74.16 | NOTE | |
r-release-macos-x86_64 | 1.3.8.1.2 | NOTE | ||||
r-release-windows-ix86+x86_64 | 1.3.8.1.2 | 10.00 | 82.00 | 92.00 | OK | |
r-oldrel-macos-x86_64 | 1.3.8.1.2 | NOTE | ||||
r-oldrel-windows-ix86+x86_64 | 1.3.8.1.2 | 8.00 | 79.00 | 87.00 | OK |
Version: 1.3.8.1.2
Check: Rd cross-references
Result: NOTE
Unknown package 'GeneticsDesign' in Rd xrefs
Flavors: r-devel-linux-x86_64-debian-clang, r-devel-linux-x86_64-debian-gcc, r-devel-linux-x86_64-fedora-gcc, r-patched-linux-x86_64, r-patched-solaris-x86
Version: 1.3.8.1.2
Check: Rd cross-references
Result: NOTE
Undeclared packages ‘bootstrap’, ‘GeneticsDesign’ in Rd xrefs
Unknown package ‘GeneticsDesign’ in Rd xrefs
Flavor: r-devel-linux-x86_64-fedora-clang
Version: 1.3.8.1.2
Check: Rd cross-references
Result: NOTE
Package unavailable to check Rd xrefs: ‘GeneticsDesign’
Flavors: r-release-linux-x86_64, r-release-macos-x86_64, r-oldrel-macos-x86_64