Last updated on 2020-12-04 00:48:22 CET.
Flavor | Version | Tinstall | Tcheck | Ttotal | Status | Flags |
---|---|---|---|---|---|---|
r-devel-linux-x86_64-debian-clang | 1.1 | 51.24 | 179.88 | 231.12 | OK | |
r-devel-linux-x86_64-debian-gcc | 1.1 | 34.00 | 139.00 | 173.00 | OK | |
r-devel-linux-x86_64-fedora-clang | 1.1 | 280.84 | NOTE | |||
r-devel-linux-x86_64-fedora-gcc | 1.1 | 283.14 | NOTE | |||
r-devel-windows-ix86+x86_64 | 1.1 | 105.00 | 281.00 | 386.00 | NOTE | |
r-patched-linux-x86_64 | 1.1 | 39.65 | 169.43 | 209.08 | OK | |
r-patched-solaris-x86 | 1.1 | 347.30 | NOTE | |||
r-release-linux-x86_64 | 1.1 | 39.31 | 167.79 | 207.10 | OK | |
r-release-macos-x86_64 | 1.1 | NOTE | ||||
r-release-windows-ix86+x86_64 | 1.1 | 81.00 | 207.00 | 288.00 | NOTE | |
r-oldrel-macos-x86_64 | 1.1 | NOTE | ||||
r-oldrel-windows-ix86+x86_64 | 1.1 | 84.00 | 271.00 | 355.00 | NOTE |
Version: 1.1
Check: installed package size
Result: NOTE
installed size is 12.0Mb
sub-directories of 1Mb or more:
doc 1.1Mb
extdata 8.9Mb
libs 1.6Mb
Flavors: r-devel-linux-x86_64-fedora-clang, r-devel-windows-ix86+x86_64, r-patched-solaris-x86, r-release-macos-x86_64, r-release-windows-ix86+x86_64, r-oldrel-macos-x86_64, r-oldrel-windows-ix86+x86_64
Version: 1.1
Check: dependencies in R code
Result: NOTE
Namespace in Imports field not imported from: ‘sp’
All declared Imports should be used.
Flavors: r-devel-linux-x86_64-fedora-clang, r-devel-linux-x86_64-fedora-gcc, r-patched-solaris-x86, r-release-macos-x86_64, r-oldrel-macos-x86_64