CRAN Package Check Results for Package gemma2

Last updated on 2020-12-04 00:48:22 CET.

Flavor Version Tinstall Tcheck Ttotal Status Flags
r-devel-linux-x86_64-debian-clang 0.1.3 3.22 442.40 445.62 OK
r-devel-linux-x86_64-debian-gcc 0.1.3 2.48 288.86 291.34 OK
r-devel-linux-x86_64-fedora-clang 0.1.3 500.54 NOTE
r-devel-linux-x86_64-fedora-gcc 0.1.3 500.69 NOTE
r-devel-windows-ix86+x86_64 0.1.3 8.00 494.00 502.00 OK
r-patched-linux-x86_64 0.1.3 3.53 423.17 426.70 OK
r-patched-solaris-x86 0.1.3 545.80 NOTE
r-release-linux-x86_64 0.1.3 3.28 413.94 417.22 OK
r-release-macos-x86_64 0.1.3 NOTE
r-release-windows-ix86+x86_64 0.1.3 7.00 341.00 348.00 OK
r-oldrel-macos-x86_64 0.1.3 NOTE
r-oldrel-windows-ix86+x86_64 0.1.3 6.00 523.00 529.00 OK

Check Details

Version: 0.1.3
Check: dependencies in R code
Result: NOTE
    Namespace in Imports field not imported from: ‘methods’
     All declared Imports should be used.
Flavors: r-devel-linux-x86_64-fedora-clang, r-devel-linux-x86_64-fedora-gcc, r-patched-solaris-x86, r-release-macos-x86_64, r-oldrel-macos-x86_64