CRAN Package Check Results for Package geex

Last updated on 2020-12-04 00:48:22 CET.

Flavor Version Tinstall Tcheck Ttotal Status Flags
r-devel-linux-x86_64-debian-clang 1.0.12 4.84 311.92 316.76 OK
r-devel-linux-x86_64-debian-gcc 1.0.12 4.44 220.37 224.81 OK
r-devel-linux-x86_64-fedora-clang 1.0.12 357.16 NOTE
r-devel-linux-x86_64-fedora-gcc 1.0.12 355.86 NOTE
r-devel-windows-ix86+x86_64 1.0.12 12.00 357.00 369.00 OK
r-patched-linux-x86_64 1.0.12 5.51 305.96 311.47 OK
r-patched-solaris-x86 1.0.12 414.10 NOTE
r-release-linux-x86_64 1.0.12 5.86 307.85 313.71 OK
r-release-macos-x86_64 1.0.12 NOTE
r-release-windows-ix86+x86_64 1.0.12 10.00 273.00 283.00 OK
r-oldrel-macos-x86_64 1.0.12 NOTE
r-oldrel-windows-ix86+x86_64 1.0.12 9.00 377.00 386.00 OK

Check Details

Version: 1.0.12
Check: dependencies in R code
Result: NOTE
    Namespace in Imports field not imported from: ‘rootSolve’
     All declared Imports should be used.
Flavors: r-devel-linux-x86_64-fedora-clang, r-devel-linux-x86_64-fedora-gcc, r-patched-solaris-x86, r-release-macos-x86_64, r-oldrel-macos-x86_64