Last updated on 2020-12-04 00:48:22 CET.
Flavor | Version | Tinstall | Tcheck | Ttotal | Status | Flags |
---|---|---|---|---|---|---|
r-devel-linux-x86_64-debian-clang | 0.1.0.0 | 90.34 | 68.01 | 158.35 | OK | |
r-devel-linux-x86_64-debian-gcc | 0.1.0.0 | 51.18 | 53.54 | 104.72 | OK | |
r-devel-linux-x86_64-fedora-clang | 0.1.0.0 | 204.55 | NOTE | |||
r-devel-linux-x86_64-fedora-gcc | 0.1.0.0 | 177.43 | OK | |||
r-devel-windows-ix86+x86_64 | 0.1.0.0 | 184.00 | 162.00 | 346.00 | OK | |
r-patched-linux-x86_64 | 0.1.0.0 | 65.75 | 64.60 | 130.35 | OK | |
r-patched-solaris-x86 | 0.1.0.0 | 183.70 | OK | |||
r-release-linux-x86_64 | 0.1.0.0 | 61.56 | 65.03 | 126.59 | OK | |
r-release-macos-x86_64 | 0.1.0.0 | NOTE | ||||
r-release-windows-ix86+x86_64 | 0.1.0.0 | 130.00 | 159.00 | 289.00 | OK | |
r-oldrel-macos-x86_64 | 0.1.0.0 | OK | ||||
r-oldrel-windows-ix86+x86_64 | 0.1.0.0 | 131.00 | 139.00 | 270.00 | OK |
Version: 0.1.0.0
Check: installed package size
Result: NOTE
installed size is 5.5Mb
sub-directories of 1Mb or more:
libs 5.1Mb
Flavors: r-devel-linux-x86_64-fedora-clang, r-release-macos-x86_64