Last updated on 2020-12-04 00:48:22 CET.
Flavor | Version | Tinstall | Tcheck | Ttotal | Status | Flags |
---|---|---|---|---|---|---|
r-devel-linux-x86_64-debian-clang | 0.1.0 | 2.62 | 30.04 | 32.66 | NOTE | |
r-devel-linux-x86_64-debian-gcc | 0.1.0 | 2.00 | 23.13 | 25.13 | NOTE | |
r-devel-linux-x86_64-fedora-clang | 0.1.0 | 44.04 | NOTE | |||
r-devel-linux-x86_64-fedora-gcc | 0.1.0 | 33.08 | NOTE | |||
r-devel-windows-ix86+x86_64 | 0.1.0 | 6.00 | 45.00 | 51.00 | NOTE | |
r-patched-linux-x86_64 | 0.1.0 | 2.50 | 26.45 | 28.95 | NOTE | |
r-patched-solaris-x86 | 0.1.0 | 50.80 | NOTE | |||
r-release-linux-x86_64 | 0.1.0 | 2.65 | 28.96 | 31.61 | NOTE | |
r-release-macos-x86_64 | 0.1.0 | NOTE | ||||
r-release-windows-ix86+x86_64 | 0.1.0 | 4.00 | 33.00 | 37.00 | NOTE | |
r-oldrel-macos-x86_64 | 0.1.0 | NOTE | ||||
r-oldrel-windows-ix86+x86_64 | 0.1.0 | 3.00 | 40.00 | 43.00 | NOTE |
Version: 0.1.0
Check: package dependencies
Result: NOTE
Package suggested but not available for checking: 'gdxrrw'
Flavors: r-devel-linux-x86_64-debian-clang, r-devel-linux-x86_64-debian-gcc, r-devel-linux-x86_64-fedora-clang, r-devel-linux-x86_64-fedora-gcc, r-devel-windows-ix86+x86_64, r-patched-linux-x86_64, r-patched-solaris-x86, r-release-linux-x86_64, r-release-macos-x86_64, r-release-windows-ix86+x86_64, r-oldrel-macos-x86_64, r-oldrel-windows-ix86+x86_64