CRAN Package Check Results for Package gdtools

Last updated on 2020-12-04 00:48:22 CET.

Flavor Version Tinstall Tcheck Ttotal Status Flags
r-devel-linux-x86_64-debian-clang 0.2.2 53.25 31.00 84.25 OK
r-devel-linux-x86_64-debian-gcc 0.2.2 31.91 23.29 55.20 OK
r-devel-linux-x86_64-fedora-clang 0.2.2 122.21 NOTE
r-devel-linux-x86_64-fedora-gcc 0.2.2 99.22 NOTE
r-devel-windows-ix86+x86_64 0.2.2 126.00 95.00 221.00 NOTE
r-patched-linux-x86_64 0.2.2 41.44 28.51 69.95 OK
r-patched-solaris-x86 0.2.2 96.90 OK
r-release-linux-x86_64 0.2.2 40.59 29.42 70.01 OK
r-release-macos-x86_64 0.2.2 OK
r-release-windows-ix86+x86_64 0.2.2 94.00 74.00 168.00 NOTE
r-oldrel-macos-x86_64 0.2.2 OK
r-oldrel-windows-ix86+x86_64 0.2.2 96.00 86.00 182.00 NOTE

Check Details

Version: 0.2.2
Check: top-level files
Result: NOTE
    ‘configure’: ‘env bash’ is not portable as bash need not be installed
Flavors: r-devel-linux-x86_64-fedora-clang, r-devel-linux-x86_64-fedora-gcc

Version: 0.2.2
Check: installed package size
Result: NOTE
     installed size is 8.2Mb
     sub-directories of 1Mb or more:
     libs 8.1Mb
Flavors: r-devel-windows-ix86+x86_64, r-release-windows-ix86+x86_64, r-oldrel-windows-ix86+x86_64