CRAN Package Check Results for Package gcbd

Last updated on 2020-12-04 00:48:22 CET.

Flavor Version Tinstall Tcheck Ttotal Status Flags
r-devel-linux-x86_64-debian-clang 0.2.6 9.43 72.36 81.79 NOTE --no-examples --no-tests --no-vignettes
r-devel-linux-x86_64-debian-gcc 0.2.6 8.19 57.61 65.80 NOTE --no-examples --no-tests --no-vignettes
r-devel-linux-x86_64-fedora-clang 0.2.6 102.04 NOTE --no-vignettes
r-devel-linux-x86_64-fedora-gcc 0.2.6 92.51 NOTE --no-vignettes
r-patched-linux-x86_64 0.2.6 10.25 66.82 77.07 NOTE --no-examples --no-tests --no-vignettes
r-patched-solaris-x86 0.2.6 136.40 WARN
r-release-linux-x86_64 0.2.6 8.84 67.05 75.89 NOTE --no-examples --no-tests --no-vignettes
r-release-macos-x86_64 0.2.6 NOTE
r-oldrel-macos-x86_64 0.2.6 NOTE

Check Details

Version: 0.2.6
Flags: --no-examples --no-tests --no-vignettes
Check: package dependencies
Result: NOTE
    Package suggested but not available for checking: 'gputools'
Flavors: r-devel-linux-x86_64-debian-clang, r-devel-linux-x86_64-debian-gcc, r-patched-linux-x86_64, r-release-linux-x86_64

Version: 0.2.6
Flags: --no-vignettes
Check: package dependencies
Result: NOTE
    Package suggested but not available for checking: ‘gputools’
Flavors: r-devel-linux-x86_64-fedora-clang, r-devel-linux-x86_64-fedora-gcc

Version: 0.2.6
Check: package dependencies
Result: NOTE
    Package suggested but not available for checking: ‘gputools’
Flavors: r-patched-solaris-x86, r-release-macos-x86_64, r-oldrel-macos-x86_64

Version: 0.2.6
Check: re-building of vignette outputs
Result: WARN
    Error(s) in re-building vignettes:
     ...
    --- re-building ‘gcbd.Rnw’ using Sweave
    Warning in packageDescription("gputools") :
     no package 'gputools' was found
    Error: processing vignette 'gcbd.Rnw' failed with diagnostics:
    at gcbd.Rnw:860, subscript out of bounds
    --- failed re-building ‘gcbd.Rnw’
    
    SUMMARY: processing the following file failed:
     ‘gcbd.Rnw’
    
    Error: Vignette re-building failed.
    Execution halted
Flavor: r-patched-solaris-x86

Version: 0.2.6
Check: re-building of vignette outputs
Result: NOTE
    Error(s) in re-building vignettes:
     ...
    --- re-building ‘gcbd.Rnw’ using Sweave
    Warning in packageDescription("gputools") :
     no package 'gputools' was found
    Error: processing vignette 'gcbd.Rnw' failed with diagnostics:
    at gcbd.Rnw:860, subscript out of bounds
    --- failed re-building ‘gcbd.Rnw’
    
    SUMMARY: processing the following file failed:
     ‘gcbd.Rnw’
    
    Error: Vignette re-building failed.
    Execution halted
Flavors: r-release-macos-x86_64, r-oldrel-macos-x86_64