CRAN Package Check Results for Package gastempt

Last updated on 2020-12-04 00:48:22 CET.

Flavor Version Tinstall Tcheck Ttotal Status Flags
r-devel-linux-x86_64-debian-clang 0.5.1 482.15 146.06 628.21 NOTE
r-devel-linux-x86_64-debian-gcc 0.5.1 400.73 125.80 526.53 NOTE
r-devel-linux-x86_64-fedora-clang 0.5.1 855.29 NOTE
r-devel-linux-x86_64-fedora-gcc 0.5.1 904.78 NOTE
r-devel-windows-ix86+x86_64 0.5.1 1038.00 320.00 1358.00 NOTE
r-patched-linux-x86_64 0.5.1 359.98 159.45 519.43 NOTE
r-patched-solaris-x86 0.5.1 842.30 NOTE
r-release-linux-x86_64 0.5.1 350.73 157.30 508.03 NOTE
r-release-macos-x86_64 0.5.1 NOTE
r-release-windows-ix86+x86_64 0.5.1 785.00 262.00 1047.00 NOTE
r-oldrel-macos-x86_64 0.5.1 ERROR
r-oldrel-windows-ix86+x86_64 0.5.0 1060.00 248.00 1308.00 NOTE

Check Details

Version: 0.5.1
Check: for GNU extensions in Makefiles
Result: NOTE
    GNU make is a SystemRequirements.
Flavors: r-devel-linux-x86_64-debian-clang, r-devel-linux-x86_64-debian-gcc, r-devel-linux-x86_64-fedora-clang, r-devel-linux-x86_64-fedora-gcc, r-devel-windows-ix86+x86_64, r-patched-linux-x86_64, r-patched-solaris-x86, r-release-linux-x86_64, r-release-macos-x86_64, r-release-windows-ix86+x86_64

Version: 0.5.1
Check: installed package size
Result: NOTE
     installed size is 85.0Mb
     sub-directories of 1Mb or more:
     libs 84.5Mb
Flavors: r-devel-linux-x86_64-fedora-clang, r-devel-windows-ix86+x86_64, r-patched-solaris-x86, r-release-macos-x86_64, r-release-windows-ix86+x86_64

Version: 0.5.1
Check: whether package can be installed
Result: ERROR
    Installation failed.
Flavor: r-oldrel-macos-x86_64

Version: 0.5.0
Check: installed package size
Result: NOTE
     installed size is 8.0Mb
     sub-directories of 1Mb or more:
     libs 7.7Mb
Flavor: r-oldrel-windows-ix86+x86_64

Version: 0.5.0
Check: for GNU extensions in Makefiles
Result: NOTE
    GNU make is a SystemRequirements.
Flavor: r-oldrel-windows-ix86+x86_64