CRAN Package Check Results for Package gap

Last updated on 2020-12-04 00:48:22 CET.

Flavor Version Tinstall Tcheck Ttotal Status Flags
r-devel-linux-x86_64-debian-clang 1.2.2 20.73 111.12 131.85 OK
r-devel-linux-x86_64-debian-gcc 1.2.2 16.56 84.67 101.23 OK
r-devel-linux-x86_64-fedora-clang 1.2.2 181.13 NOTE
r-devel-linux-x86_64-fedora-gcc 1.2.2 161.54 OK
r-devel-windows-ix86+x86_64 1.2.2 53.00 125.00 178.00 OK
r-patched-linux-x86_64 1.2.2 18.40 107.31 125.71 OK
r-patched-solaris-x86 1.2.2 170.90 OK
r-release-linux-x86_64 1.2.2 18.73 105.45 124.18 OK
r-release-macos-x86_64 1.2.2 OK
r-release-windows-ix86+x86_64 1.2.2 46.00 94.00 140.00 OK
r-oldrel-macos-x86_64 1.2.2 OK
r-oldrel-windows-ix86+x86_64 1.2.2 42.00 120.00 162.00 OK

Check Details

Version: 1.2.2
Check: Rd cross-references
Result: NOTE
    Undeclared package ‘genetics’ in Rd xrefs
Flavor: r-devel-linux-x86_64-fedora-clang