Last updated on 2020-12-04 00:48:22 CET.
Flavor | Version | Tinstall | Tcheck | Ttotal | Status | Flags |
---|---|---|---|---|---|---|
r-devel-linux-x86_64-debian-clang | 5.1-7 | 53.48 | 225.86 | 279.34 | OK | |
r-devel-linux-x86_64-debian-gcc | 5.1-7 | 43.40 | 166.06 | 209.46 | OK | |
r-devel-linux-x86_64-fedora-clang | 5.1-7 | 341.03 | NOTE | |||
r-devel-linux-x86_64-fedora-gcc | 5.1-7 | 342.58 | OK | |||
r-devel-windows-ix86+x86_64 | 5.1-7 | 97.00 | 245.00 | 342.00 | OK | |
r-patched-linux-x86_64 | 5.1-7 | 51.14 | 200.86 | 252.00 | OK | |
r-patched-solaris-x86 | 5.1-7 | 339.90 | OK | |||
r-release-linux-x86_64 | 5.1-7 | 50.99 | 201.04 | 252.03 | OK | |
r-release-macos-x86_64 | 5.1-7 | OK | ||||
r-release-windows-ix86+x86_64 | 5.1-7 | 74.00 | 246.00 | 320.00 | OK | |
r-oldrel-macos-x86_64 | 5.1-7 | OK | ||||
r-oldrel-windows-ix86+x86_64 | 5.1-7 | 70.00 | 230.00 | 300.00 | OK |
Version: 5.1-7
Check: Rd cross-references
Result: NOTE
Undeclared package ‘gamlss’ in Rd xrefs
Flavor: r-devel-linux-x86_64-fedora-clang