Last updated on 2020-12-04 00:48:22 CET.
Flavor | Version | Tinstall | Tcheck | Ttotal | Status | Flags |
---|---|---|---|---|---|---|
r-devel-linux-x86_64-debian-clang | 4.3-3 | 12.09 | 86.34 | 98.43 | OK | |
r-devel-linux-x86_64-debian-gcc | 4.3-3 | 10.82 | 67.41 | 78.23 | OK | |
r-devel-linux-x86_64-fedora-clang | 4.3-3 | 126.54 | OK | |||
r-devel-linux-x86_64-fedora-gcc | 4.3-3 | 117.05 | OK | |||
r-devel-windows-ix86+x86_64 | 4.3-3 | 23.00 | 94.00 | 117.00 | OK | |
r-patched-linux-x86_64 | 4.3-3 | 12.88 | 80.66 | 93.54 | OK | |
r-patched-solaris-x86 | 4.3-3 | 165.80 | OK | |||
r-release-linux-x86_64 | 4.3-3 | 13.26 | 82.04 | 95.30 | OK | |
r-release-macos-x86_64 | 4.3-3 | ERROR | ||||
r-release-windows-ix86+x86_64 | 4.3-3 | 15.00 | 94.00 | 109.00 | OK | |
r-oldrel-macos-x86_64 | 4.3-3 | ERROR | ||||
r-oldrel-windows-ix86+x86_64 | 4.3-3 | 17.00 | 90.00 | 107.00 | OK |
Version: 4.3-3
Check: package dependencies
Result: ERROR
Package required but not available: ‘rpanel’
See section ‘The DESCRIPTION file’ in the ‘Writing R Extensions’
manual.
Flavors: r-release-macos-x86_64, r-oldrel-macos-x86_64