Last updated on 2020-12-04 00:48:22 CET.
Flavor | Version | Tinstall | Tcheck | Ttotal | Status | Flags |
---|---|---|---|---|---|---|
r-devel-linux-x86_64-debian-clang | 0.2 | 16.94 | 155.56 | 172.50 | OK | |
r-devel-linux-x86_64-debian-gcc | 0.2 | 16.32 | 118.00 | 134.32 | OK | |
r-devel-linux-x86_64-fedora-clang | 0.2 | 210.90 | OK | |||
r-devel-linux-x86_64-fedora-gcc | 0.2 | 203.49 | OK | |||
r-devel-windows-ix86+x86_64 | 0.2 | 39.00 | 164.00 | 203.00 | OK | |
r-patched-linux-x86_64 | 0.2 | 17.14 | 142.41 | 159.55 | OK | |
r-patched-solaris-x86 | 0.2 | 256.50 | OK | |||
r-release-linux-x86_64 | 0.2 | 15.96 | 145.38 | 161.34 | OK | |
r-release-macos-x86_64 | 0.2 | ERROR | ||||
r-release-windows-ix86+x86_64 | 0.2 | 30.00 | 166.00 | 196.00 | OK | |
r-oldrel-macos-x86_64 | 0.2 | OK | ||||
r-oldrel-windows-ix86+x86_64 | 0.2 | 28.00 | 161.00 | 189.00 | OK |
Version: 0.2
Check: package dependencies
Result: ERROR
Package required but not available: ‘KEGGREST’
See section ‘The DESCRIPTION file’ in the ‘Writing R Extensions’
manual.
Flavor: r-release-macos-x86_64