CRAN Package Check Results for Package fusedest

Last updated on 2020-12-04 00:48:22 CET.

Flavor Version Tinstall Tcheck Ttotal Status Flags
r-devel-linux-x86_64-debian-clang 1.3.1 513.90 71.54 585.44 OK
r-devel-linux-x86_64-debian-gcc 1.3.1 308.14 62.23 370.37 OK
r-devel-linux-x86_64-fedora-clang 1.3.1 870.96 NOTE
r-devel-linux-x86_64-fedora-gcc 1.3.1 715.44 OK
r-devel-windows-ix86+x86_64 1.3.1 1092.00 139.00 1231.00 OK
r-patched-linux-x86_64 1.3.1 374.38 72.83 447.21 OK
r-patched-solaris-x86 1.3.1 554.60 OK
r-release-linux-x86_64 1.3.1 363.43 73.47 436.90 OK
r-release-macos-x86_64 1.3.1 NOTE
r-release-windows-ix86+x86_64 1.3.1 806.00 135.00 941.00 OK
r-oldrel-macos-x86_64 1.3.1 NOTE
r-oldrel-windows-ix86+x86_64 1.3.1 829.00 119.00 948.00 OK

Check Details

Version: 1.3.1
Check: installed package size
Result: NOTE
     installed size is 32.2Mb
     sub-directories of 1Mb or more:
     libs 32.0Mb
Flavors: r-devel-linux-x86_64-fedora-clang, r-release-macos-x86_64, r-oldrel-macos-x86_64