CRAN Package Check Results for Package fungible

Last updated on 2020-12-04 00:48:22 CET.

Flavor Version Tinstall Tcheck Ttotal Status Flags
r-devel-linux-x86_64-debian-clang 1.96.3 18.96 145.04 164.00 OK
r-devel-linux-x86_64-debian-gcc 1.96.3 13.92 106.75 120.67 OK
r-devel-linux-x86_64-fedora-clang 1.96.3 195.79 NOTE
r-devel-linux-x86_64-fedora-gcc 1.96.3 188.82 NOTE
r-devel-windows-ix86+x86_64 1.96.3 25.00 170.00 195.00 OK
r-patched-linux-x86_64 1.96.3 15.63 138.06 153.69 OK
r-patched-solaris-x86 1.96.3 229.70 NOTE
r-release-linux-x86_64 1.96.3 16.17 135.44 151.61 OK
r-release-macos-x86_64 1.96.3 NOTE
r-release-windows-ix86+x86_64 1.96.3 17.00 174.00 191.00 OK
r-oldrel-macos-x86_64 1.96.3 NOTE
r-oldrel-windows-ix86+x86_64 1.96.3 19.00 170.00 189.00 OK

Check Details

Version: 1.96.3
Check: data for non-ASCII characters
Result: NOTE
     Note: found 1 marked UTF-8 string
Flavors: r-devel-linux-x86_64-fedora-clang, r-devel-linux-x86_64-fedora-gcc, r-patched-solaris-x86, r-release-macos-x86_64, r-oldrel-macos-x86_64