CRAN Package Check Results for Package fulltext

Last updated on 2020-12-04 00:48:22 CET.

Flavor Version Tinstall Tcheck Ttotal Status Flags
r-devel-linux-x86_64-debian-clang 1.6.0 14.99 98.49 113.48 OK
r-devel-linux-x86_64-debian-gcc 1.6.0 12.43 73.46 85.89 OK
r-devel-linux-x86_64-fedora-clang 1.6.0 146.65 OK
r-devel-linux-x86_64-fedora-gcc 1.6.0 131.32 OK
r-devel-windows-ix86+x86_64 1.6.0 29.00 113.00 142.00 OK
r-patched-linux-x86_64 1.6.0 15.16 88.20 103.36 OK
r-patched-solaris-x86 1.6.0 176.90 OK
r-release-linux-x86_64 1.6.0 15.34 89.98 105.32 OK
r-release-macos-x86_64 1.6.0 OK
r-release-windows-ix86+x86_64 1.6.0 22.00 87.00 109.00 OK
r-oldrel-macos-x86_64 1.6.0 ERROR
r-oldrel-windows-ix86+x86_64 1.6.0 30.00 108.00 138.00 OK

Check Details

Version: 1.6.0
Check: whether package can be installed
Result: ERROR
    Installation failed.
Flavor: r-oldrel-macos-x86_64