Last updated on 2020-12-04 00:48:22 CET.
Flavor | Version | Tinstall | Tcheck | Ttotal | Status | Flags |
---|---|---|---|---|---|---|
r-devel-linux-x86_64-debian-clang | 0.9.4.4 | 15.83 | 132.70 | 148.53 | NOTE | |
r-devel-linux-x86_64-debian-gcc | 0.9.4.4 | 13.40 | 101.02 | 114.42 | NOTE | |
r-devel-linux-x86_64-fedora-clang | 0.9.4.4 | 183.61 | NOTE | |||
r-devel-linux-x86_64-fedora-gcc | 0.9.4.4 | 173.43 | NOTE | |||
r-devel-windows-ix86+x86_64 | 0.9.4.4 | 33.00 | 147.00 | 180.00 | OK | |
r-patched-linux-x86_64 | 0.9.4.4 | 16.56 | 120.74 | 137.30 | NOTE | |
r-patched-solaris-x86 | 0.9.4.4 | 247.20 | NOTE | |||
r-release-linux-x86_64 | 0.9.4.4 | 15.98 | 126.98 | 142.96 | NOTE | |
r-release-macos-x86_64 | 0.9.4.4 | OK | ||||
r-release-windows-ix86+x86_64 | 0.9.4.4 | 26.00 | 113.00 | 139.00 | OK | |
r-oldrel-macos-x86_64 | 0.9.4.4 | OK | ||||
r-oldrel-windows-ix86+x86_64 | 0.9.4.4 | 29.00 | 150.00 | 179.00 | OK |
Version: 0.9.4.4
Check: package dependencies
Result: NOTE
Package suggested but not available for checking: 'foba'
Flavors: r-devel-linux-x86_64-debian-clang, r-devel-linux-x86_64-debian-gcc, r-devel-linux-x86_64-fedora-clang, r-devel-linux-x86_64-fedora-gcc, r-patched-linux-x86_64, r-release-linux-x86_64
Version: 0.9.4.4
Check: package dependencies
Result: NOTE
Packages suggested but not available for checking: 'foba', 'RWeka'
Flavor: r-patched-solaris-x86