Last updated on 2020-12-04 00:48:22 CET.
Flavor | Version | Tinstall | Tcheck | Ttotal | Status | Flags |
---|---|---|---|---|---|---|
r-devel-linux-x86_64-debian-clang | 3.3.2 | 190.86 | 248.25 | 439.11 | OK | |
r-devel-linux-x86_64-debian-gcc | 3.3.2 | 177.55 | 183.16 | 360.71 | OK | |
r-devel-linux-x86_64-fedora-clang | 3.3.2 | 608.55 | NOTE | |||
r-devel-linux-x86_64-fedora-gcc | 3.3.2 | 606.78 | OK | |||
r-devel-windows-ix86+x86_64 | 3.3.2 | 516.00 | 326.00 | 842.00 | NOTE | |
r-patched-linux-x86_64 | 3.3.2 | 193.96 | 220.10 | 414.06 | OK | |
r-patched-solaris-x86 | 3.3.2 | 983.10 | NOTE | |||
r-release-linux-x86_64 | 3.3.2 | 194.36 | 220.22 | 414.58 | OK | |
r-release-macos-x86_64 | 3.3.2 | NOTE | ||||
r-release-windows-ix86+x86_64 | 3.3.2 | 393.00 | 256.00 | 649.00 | NOTE | |
r-oldrel-macos-x86_64 | 3.3.2 | NOTE | ||||
r-oldrel-windows-ix86+x86_64 | 3.3.2 | 463.00 | 313.00 | 776.00 | NOTE |
Version: 3.3.2
Check: installed package size
Result: NOTE
installed size is 11.2Mb
sub-directories of 1Mb or more:
R 1.1Mb
help 1.8Mb
libs 6.7Mb
Flavors: r-devel-linux-x86_64-fedora-clang, r-devel-windows-ix86+x86_64, r-patched-solaris-x86, r-release-macos-x86_64, r-release-windows-ix86+x86_64, r-oldrel-macos-x86_64, r-oldrel-windows-ix86+x86_64