Last updated on 2020-12-04 00:48:22 CET.
Flavor | Version | Tinstall | Tcheck | Ttotal | Status | Flags |
---|---|---|---|---|---|---|
r-devel-linux-x86_64-debian-clang | 0.3 | 7.77 | 63.41 | 71.18 | OK | |
r-devel-linux-x86_64-debian-gcc | 0.3 | 6.62 | 49.13 | 55.75 | OK | |
r-devel-linux-x86_64-fedora-clang | 0.3 | 91.39 | NOTE | |||
r-devel-linux-x86_64-fedora-gcc | 0.3 | 82.29 | NOTE | |||
r-devel-windows-ix86+x86_64 | 0.3 | 19.00 | 81.00 | 100.00 | OK | |
r-patched-linux-x86_64 | 0.3 | 8.32 | 60.67 | 68.99 | OK | |
r-patched-solaris-x86 | 0.3 | 117.60 | NOTE | |||
r-release-linux-x86_64 | 0.3 | 8.29 | 60.40 | 68.69 | OK | |
r-release-macos-x86_64 | 0.3 | NOTE | ||||
r-release-windows-ix86+x86_64 | 0.3 | 14.00 | 61.00 | 75.00 | OK | |
r-oldrel-macos-x86_64 | 0.3 | NOTE | ||||
r-oldrel-windows-ix86+x86_64 | 0.3 | 17.00 | 80.00 | 97.00 | OK |
Version: 0.3
Check: dependencies in R code
Result: NOTE
Namespaces in Imports field not imported from:
‘dplyr’ ‘fable’ ‘fabletools’ ‘feasts’ ‘ggplot2’ ‘lubridate’ ‘tibble’
‘tidyr’ ‘tsibble’ ‘tsibbledata’ ‘urca’
All declared Imports should be used.
Flavors: r-devel-linux-x86_64-fedora-clang, r-devel-linux-x86_64-fedora-gcc, r-patched-solaris-x86, r-release-macos-x86_64, r-oldrel-macos-x86_64