Last updated on 2020-12-04 00:48:22 CET.
Flavor | Version | Tinstall | Tcheck | Ttotal | Status | Flags |
---|---|---|---|---|---|---|
r-devel-linux-x86_64-debian-clang | 0.9.2 | 11.00 | 224.14 | 235.14 | OK | |
r-devel-linux-x86_64-debian-gcc | 0.9.2 | 8.61 | 165.85 | 174.46 | OK | |
r-devel-linux-x86_64-fedora-clang | 0.9.2 | 277.76 | NOTE | |||
r-devel-linux-x86_64-fedora-gcc | 0.9.2 | 270.53 | NOTE | |||
r-devel-windows-ix86+x86_64 | 0.9.2 | 20.00 | 257.00 | 277.00 | OK | |
r-patched-linux-x86_64 | 0.9.2 | 11.38 | 214.31 | 225.69 | OK | |
r-patched-solaris-x86 | 0.9.2 | 343.10 | NOTE | |||
r-release-linux-x86_64 | 0.9.2 | 9.82 | 214.53 | 224.35 | OK | |
r-release-macos-x86_64 | 0.9.2 | NOTE | ||||
r-release-windows-ix86+x86_64 | 0.9.2 | 14.00 | 204.00 | 218.00 | OK | |
r-oldrel-macos-x86_64 | 0.9.2 | NOTE | ||||
r-oldrel-windows-ix86+x86_64 | 0.9.2 | 19.00 | 271.00 | 290.00 | OK |
Version: 0.9.2
Check: package dependencies
Result: NOTE
Imports includes 21 non-default packages.
Importing from so many packages makes the package vulnerable to any of
them becoming unavailable. Move as many as possible to Suggests and
use conditionally.
Flavor: r-devel-linux-x86_64-fedora-clang
Version: 0.9.2
Check: dependencies in R code
Result: NOTE
Namespace in Imports field not imported from: ‘forcats’
All declared Imports should be used.
Flavors: r-devel-linux-x86_64-fedora-clang, r-devel-linux-x86_64-fedora-gcc, r-patched-solaris-x86, r-release-macos-x86_64, r-oldrel-macos-x86_64