Last updated on 2020-12-04 00:48:22 CET.
Flavor | Version | Tinstall | Tcheck | Ttotal | Status | Flags |
---|---|---|---|---|---|---|
r-devel-linux-x86_64-debian-clang | 2.2 | 7.96 | 67.35 | 75.31 | NOTE | |
r-devel-linux-x86_64-debian-gcc | 2.2 | 6.71 | 49.33 | 56.04 | NOTE | |
r-devel-linux-x86_64-fedora-clang | 2.2 | 95.07 | NOTE | |||
r-devel-linux-x86_64-fedora-gcc | 2.2 | 84.22 | NOTE | |||
r-devel-windows-ix86+x86_64 | 2.2 | 17.00 | 82.00 | 99.00 | NOTE | |
r-patched-linux-x86_64 | 2.2 | 8.26 | 64.46 | 72.72 | NOTE | |
r-patched-solaris-x86 | 2.2 | 122.40 | NOTE | |||
r-release-linux-x86_64 | 2.2 | 8.48 | 63.23 | 71.71 | NOTE | |
r-release-macos-x86_64 | 2.2 | NOTE | ||||
r-release-windows-ix86+x86_64 | 2.2 | 12.00 | 85.00 | 97.00 | NOTE | |
r-oldrel-macos-x86_64 | 2.2 | NOTE | ||||
r-oldrel-windows-ix86+x86_64 | 2.2 | 16.00 | 82.00 | 98.00 | NOTE |
Version: 2.2
Check: DESCRIPTION meta-information
Result: NOTE
BugReports field is not a suitable URL but contains an email address:
use the Contact field instead
Flavors: r-devel-linux-x86_64-debian-clang, r-devel-linux-x86_64-debian-gcc, r-devel-linux-x86_64-fedora-clang, r-devel-linux-x86_64-fedora-gcc, r-devel-windows-ix86+x86_64, r-patched-linux-x86_64, r-patched-solaris-x86, r-release-linux-x86_64, r-release-macos-x86_64, r-release-windows-ix86+x86_64, r-oldrel-windows-ix86+x86_64
Version: 2.2
Check: DESCRIPTION meta-information
Result: NOTE
BugReports field is not a suitable URL but contains an email address
which will be used as from R 3.4.0
Flavor: r-oldrel-macos-x86_64