Last updated on 2020-12-04 00:48:22 CET.
Flavor | Version | Tinstall | Tcheck | Ttotal | Status | Flags |
---|---|---|---|---|---|---|
r-devel-linux-x86_64-debian-clang | 1.1 | 2.85 | 18.75 | 21.60 | NOTE | |
r-devel-linux-x86_64-debian-gcc | 1.1 | 2.09 | 14.97 | 17.06 | NOTE | |
r-devel-linux-x86_64-fedora-clang | 1.1 | 31.28 | NOTE | |||
r-devel-linux-x86_64-fedora-gcc | 1.1 | 21.45 | NOTE | |||
r-devel-windows-ix86+x86_64 | 1.1 | 5.00 | 31.00 | 36.00 | NOTE | |
r-patched-linux-x86_64 | 1.1 | 2.24 | 17.86 | 20.10 | NOTE | |
r-patched-solaris-x86 | 1.1 | 35.90 | NOTE | |||
r-release-linux-x86_64 | 1.1 | 2.54 | 18.12 | 20.66 | NOTE | |
r-release-macos-x86_64 | 1.1 | NOTE | ||||
r-release-windows-ix86+x86_64 | 1.1 | 4.00 | 24.00 | 28.00 | NOTE | |
r-oldrel-macos-x86_64 | 1.1 | NOTE | ||||
r-oldrel-windows-ix86+x86_64 | 1.1 | 7.00 | 40.00 | 47.00 | NOTE |
Version: 1.1
Check: DESCRIPTION meta-information
Result: NOTE
Malformed Description field: should contain one or more complete sentences.
Flavors: r-devel-linux-x86_64-debian-clang, r-devel-linux-x86_64-debian-gcc, r-devel-linux-x86_64-fedora-clang, r-devel-linux-x86_64-fedora-gcc, r-devel-windows-ix86+x86_64, r-patched-linux-x86_64, r-patched-solaris-x86, r-release-linux-x86_64, r-release-macos-x86_64, r-release-windows-ix86+x86_64, r-oldrel-macos-x86_64, r-oldrel-windows-ix86+x86_64
Version: 1.1
Check: installed package size
Result: NOTE
installed size is 6.7Mb
sub-directories of 1Mb or more:
fonts 6.6Mb
Flavors: r-devel-linux-x86_64-fedora-clang, r-devel-windows-ix86+x86_64, r-patched-solaris-x86, r-release-macos-x86_64, r-release-windows-ix86+x86_64, r-oldrel-macos-x86_64, r-oldrel-windows-ix86+x86_64