Last updated on 2020-12-04 00:48:22 CET.
Flavor | Version | Tinstall | Tcheck | Ttotal | Status | Flags |
---|---|---|---|---|---|---|
r-devel-linux-x86_64-debian-clang | 0.1.1 | 5.80 | 49.68 | 55.48 | OK | |
r-devel-linux-x86_64-debian-gcc | 0.1.1 | 5.24 | 40.15 | 45.39 | OK | |
r-devel-linux-x86_64-fedora-clang | 0.1.1 | 71.86 | NOTE | |||
r-devel-linux-x86_64-fedora-gcc | 0.1.1 | 62.25 | NOTE | |||
r-devel-windows-ix86+x86_64 | 0.1.1 | 13.00 | 66.00 | 79.00 | OK | |
r-patched-linux-x86_64 | 0.1.1 | 5.56 | 46.36 | 51.92 | OK | |
r-patched-solaris-x86 | 0.1.1 | 91.40 | NOTE | |||
r-release-linux-x86_64 | 0.1.1 | 5.73 | 47.91 | 53.64 | OK | |
r-release-macos-x86_64 | 0.1.1 | WARN | ||||
r-release-windows-ix86+x86_64 | 0.1.1 | 10.00 | 52.00 | 62.00 | OK | |
r-oldrel-macos-x86_64 | 0.1.1 | WARN | ||||
r-oldrel-windows-ix86+x86_64 | 0.1.1 | 18.00 | 68.00 | 86.00 | OK |
Version: 0.1.1
Check: dependencies in R code
Result: NOTE
Namespace in Imports field not imported from: ‘ggplot2’
All declared Imports should be used.
Flavors: r-devel-linux-x86_64-fedora-clang, r-devel-linux-x86_64-fedora-gcc, r-patched-solaris-x86, r-release-macos-x86_64, r-oldrel-macos-x86_64
Version: 0.1.1
Check: re-building of vignette outputs
Result: WARN
Error(s) in re-building vignettes:
...
--- re-building ‘Using_fontMPlus.Rmd’ using rmarkdown
Warning in engine$weave(file, quiet = quiet, encoding = enc) :
Pandoc (>= 1.12.3) and/or pandoc-citeproc not available. Falling back to R Markdown v1.
Quitting from lines 56-67 (Using_fontMPlus.Rmd)
Error: processing vignette 'Using_fontMPlus.Rmd' failed with diagnostics:
polygon edge not found
--- failed re-building ‘Using_fontMPlus.Rmd’
SUMMARY: processing the following file failed:
‘Using_fontMPlus.Rmd’
Error: Vignette re-building failed.
Execution halted
Flavors: r-release-macos-x86_64, r-oldrel-macos-x86_64