Last updated on 2020-12-04 00:48:22 CET.
Flavor | Version | Tinstall | Tcheck | Ttotal | Status | Flags |
---|---|---|---|---|---|---|
r-devel-linux-x86_64-debian-clang | 0.1.1 | 5.73 | 45.55 | 51.28 | OK | |
r-devel-linux-x86_64-debian-gcc | 0.1.1 | 4.87 | 34.75 | 39.62 | OK | |
r-devel-linux-x86_64-fedora-clang | 0.1.1 | 65.23 | NOTE | |||
r-devel-linux-x86_64-fedora-gcc | 0.1.1 | 55.99 | NOTE | |||
r-devel-windows-ix86+x86_64 | 0.1.1 | 13.00 | 61.00 | 74.00 | OK | |
r-patched-linux-x86_64 | 0.1.1 | 5.59 | 43.92 | 49.51 | OK | |
r-patched-solaris-x86 | 0.1.1 | 84.80 | NOTE | |||
r-release-linux-x86_64 | 0.1.1 | 5.09 | 43.08 | 48.17 | OK | |
r-release-macos-x86_64 | 0.1.1 | WARN | ||||
r-release-windows-ix86+x86_64 | 0.1.1 | 11.00 | 50.00 | 61.00 | OK | |
r-oldrel-macos-x86_64 | 0.1.1 | WARN | ||||
r-oldrel-windows-ix86+x86_64 | 0.1.1 | 22.00 | 61.00 | 83.00 | OK |
Version: 0.1.1
Check: dependencies in R code
Result: NOTE
Namespace in Imports field not imported from: ‘ggplot2’
All declared Imports should be used.
Flavors: r-devel-linux-x86_64-fedora-clang, r-devel-linux-x86_64-fedora-gcc, r-patched-solaris-x86, r-release-macos-x86_64, r-oldrel-macos-x86_64
Version: 0.1.1
Check: re-building of vignette outputs
Result: WARN
Error(s) in re-building vignettes:
...
--- re-building ‘Using_fontHind.Rmd’ using rmarkdown
Warning in engine$weave(file, quiet = quiet, encoding = enc) :
Pandoc (>= 1.12.3) and/or pandoc-citeproc not available. Falling back to R Markdown v1.
Quitting from lines 38-49 (Using_fontHind.Rmd)
Error: processing vignette 'Using_fontHind.Rmd' failed with diagnostics:
polygon edge not found
--- failed re-building ‘Using_fontHind.Rmd’
SUMMARY: processing the following file failed:
‘Using_fontHind.Rmd’
Error: Vignette re-building failed.
Execution halted
Flavors: r-release-macos-x86_64, r-oldrel-macos-x86_64