CRAN Package Check Results for Package fmsb

Last updated on 2020-12-04 00:48:22 CET.

Flavor Version Tinstall Tcheck Ttotal Status Flags
r-devel-linux-x86_64-debian-clang 0.7.0 4.52 39.29 43.81 OK
r-devel-linux-x86_64-debian-gcc 0.7.0 4.20 29.69 33.89 OK
r-devel-linux-x86_64-fedora-clang 0.7.0 57.93 NOTE
r-devel-linux-x86_64-fedora-gcc 0.7.0 48.62 OK
r-devel-windows-ix86+x86_64 0.7.0 8.00 47.00 55.00 OK
r-patched-linux-x86_64 0.7.0 4.61 38.47 43.08 OK
r-patched-solaris-x86 0.7.0 63.90 OK
r-release-linux-x86_64 0.7.0 4.98 38.80 43.78 OK
r-release-macos-x86_64 0.7.0 OK
r-release-windows-ix86+x86_64 0.7.0 9.00 38.00 47.00 OK
r-oldrel-macos-x86_64 0.7.0 OK
r-oldrel-windows-ix86+x86_64 0.7.0 13.00 56.00 69.00 OK

Check Details

Version: 0.7.0
Check: Rd cross-references
Result: NOTE
    Undeclared packages ‘vcd’, ‘Epi’ in Rd xrefs
Flavor: r-devel-linux-x86_64-fedora-clang