Last updated on 2020-12-04 00:48:22 CET.
Flavor | Version | Tinstall | Tcheck | Ttotal | Status | Flags |
---|---|---|---|---|---|---|
r-devel-linux-x86_64-debian-clang | 0.1.3 | 27.50 | 62.85 | 90.35 | OK | |
r-devel-linux-x86_64-debian-gcc | 0.1.3 | 17.53 | 48.71 | 66.24 | OK | |
r-devel-linux-x86_64-fedora-clang | 0.1.3 | 118.06 | NOTE | |||
r-devel-linux-x86_64-fedora-gcc | 0.1.3 | 102.91 | NOTE | |||
r-devel-windows-ix86+x86_64 | 0.1.3 | 61.00 | 110.00 | 171.00 | OK | |
r-patched-linux-x86_64 | 0.1.3 | 20.86 | 58.95 | 79.81 | OK | |
r-patched-solaris-x86 | 0.1.3 | 125.90 | NOTE | |||
r-release-linux-x86_64 | 0.1.3 | 22.19 | 58.69 | 80.88 | OK | |
r-release-macos-x86_64 | 0.1.3 | NOTE | ||||
r-release-windows-ix86+x86_64 | 0.1.3 | 43.00 | 91.00 | 134.00 | OK | |
r-oldrel-macos-x86_64 | 0.1.3 | NOTE | ||||
r-oldrel-windows-ix86+x86_64 | 0.1.3 | 47.00 | 107.00 | 154.00 | OK |
Version: 0.1.3
Check: dependencies in R code
Result: NOTE
Namespaces in Imports field not imported from:
‘kableExtra’ ‘knitr’ ‘rmarkdown’
All declared Imports should be used.
Flavors: r-devel-linux-x86_64-fedora-clang, r-devel-linux-x86_64-fedora-gcc, r-patched-solaris-x86, r-release-macos-x86_64, r-oldrel-macos-x86_64