CRAN Package Check Results for Package flattabler

Last updated on 2020-12-04 00:48:21 CET.

Flavor Version Tinstall Tcheck Ttotal Status Flags
r-devel-linux-x86_64-debian-clang 1.2.0 3.78 42.97 46.75 OK
r-devel-linux-x86_64-debian-gcc 1.2.0 3.42 33.04 36.46 OK
r-devel-linux-x86_64-fedora-clang 1.2.0 59.26 NOTE
r-devel-linux-x86_64-fedora-gcc 1.2.0 50.14 NOTE
r-devel-windows-ix86+x86_64 1.2.0 9.00 61.00 70.00 OK
r-patched-linux-x86_64 1.2.0 3.77 41.51 45.28 OK
r-patched-solaris-x86 1.2.0 73.20 NOTE
r-release-linux-x86_64 1.2.0 3.94 41.51 45.45 OK
r-release-macos-x86_64 1.2.0 NOTE
r-release-windows-ix86+x86_64 1.2.0 7.00 48.00 55.00 OK
r-oldrel-macos-x86_64 1.2.0 NOTE
r-oldrel-windows-ix86+x86_64 1.2.0 5.00 60.00 65.00 OK

Check Details

Version: 1.2.0
Check: dependencies in R code
Result: NOTE
    Namespace in Imports field not imported from: ‘tidyr’
     All declared Imports should be used.
Flavors: r-devel-linux-x86_64-fedora-clang, r-devel-linux-x86_64-fedora-gcc, r-patched-solaris-x86, r-release-macos-x86_64, r-oldrel-macos-x86_64

Version: 1.2.0
Check: data for non-ASCII characters
Result: NOTE
     Note: found 82 marked UTF-8 strings
Flavors: r-devel-linux-x86_64-fedora-clang, r-devel-linux-x86_64-fedora-gcc, r-patched-solaris-x86, r-release-macos-x86_64, r-oldrel-macos-x86_64