Last updated on 2020-12-04 00:48:21 CET.
Flavor | Version | Tinstall | Tcheck | Ttotal | Status | Flags |
---|---|---|---|---|---|---|
r-devel-linux-x86_64-debian-clang | 0.7.1 | 94.59 | 161.85 | 256.44 | OK | |
r-devel-linux-x86_64-debian-gcc | 0.7.1 | 68.58 | 131.08 | 199.66 | OK | |
r-devel-linux-x86_64-fedora-clang | 0.7.1 | 335.05 | NOTE | |||
r-devel-linux-x86_64-fedora-gcc | 0.7.1 | 310.41 | OK | |||
r-devel-windows-ix86+x86_64 | 0.7.1 | 202.00 | 227.00 | 429.00 | NOTE | |
r-patched-linux-x86_64 | 0.7.1 | 78.83 | 146.51 | 225.34 | OK | |
r-patched-solaris-x86 | 0.7.1 | 307.90 | NOTE | |||
r-release-linux-x86_64 | 0.7.1 | 78.97 | 148.40 | 227.37 | OK | |
r-release-macos-x86_64 | 0.7.1 | NOTE | ||||
r-release-windows-ix86+x86_64 | 0.7.1 | 157.00 | 188.00 | 345.00 | NOTE | |
r-oldrel-macos-x86_64 | 0.7.1 | NOTE | ||||
r-oldrel-windows-ix86+x86_64 | 0.7.1 | 151.00 | 228.00 | 379.00 | NOTE |
Version: 0.7.1
Check: installed package size
Result: NOTE
installed size is 9.5Mb
sub-directories of 1Mb or more:
doc 2.8Mb
libs 5.2Mb
Flavors: r-devel-linux-x86_64-fedora-clang, r-devel-windows-ix86+x86_64, r-patched-solaris-x86, r-release-macos-x86_64, r-release-windows-ix86+x86_64, r-oldrel-macos-x86_64, r-oldrel-windows-ix86+x86_64