Last updated on 2020-12-04 00:48:21 CET.
Flavor | Version | Tinstall | Tcheck | Ttotal | Status | Flags |
---|---|---|---|---|---|---|
r-devel-linux-x86_64-debian-clang | 0.6.1 | 7.92 | 59.59 | 67.51 | NOTE | |
r-devel-linux-x86_64-debian-gcc | 0.6.1 | 7.09 | 49.26 | 56.35 | NOTE | |
r-devel-linux-x86_64-fedora-clang | 0.6.1 | 88.34 | NOTE | |||
r-devel-linux-x86_64-fedora-gcc | 0.6.1 | 78.63 | NOTE | |||
r-devel-windows-ix86+x86_64 | 0.6.1 | 16.00 | 81.00 | 97.00 | NOTE | |
r-patched-linux-x86_64 | 0.6.1 | 7.20 | 57.14 | 64.34 | NOTE | |
r-patched-solaris-x86 | 0.6.1 | 110.60 | NOTE | |||
r-release-linux-x86_64 | 0.6.1 | 7.70 | 59.87 | 67.57 | NOTE | |
r-release-macos-x86_64 | 0.6.1 | NOTE | ||||
r-release-windows-ix86+x86_64 | 0.6.1 | 13.00 | 67.00 | 80.00 | NOTE | |
r-oldrel-macos-x86_64 | 0.6.1 | NOTE | ||||
r-oldrel-windows-ix86+x86_64 | 0.6.1 | 13.00 | 83.00 | 96.00 | NOTE |
Version: 0.6.1
Check: package dependencies
Result: NOTE
Package suggested but not available for checking: 'fivethirtyeightdata'
Flavors: r-devel-linux-x86_64-debian-clang, r-devel-linux-x86_64-debian-gcc, r-devel-linux-x86_64-fedora-clang, r-devel-linux-x86_64-fedora-gcc, r-devel-windows-ix86+x86_64, r-patched-linux-x86_64, r-patched-solaris-x86, r-release-linux-x86_64, r-release-macos-x86_64, r-release-windows-ix86+x86_64, r-oldrel-macos-x86_64, r-oldrel-windows-ix86+x86_64
Version: 0.6.1
Check: Rd cross-references
Result: NOTE
Package unavailable to check Rd xrefs: 'fivethirtyeightdata'
Flavors: r-devel-linux-x86_64-debian-clang, r-devel-linux-x86_64-debian-gcc, r-devel-linux-x86_64-fedora-clang, r-devel-linux-x86_64-fedora-gcc, r-devel-windows-ix86+x86_64, r-patched-linux-x86_64, r-patched-solaris-x86, r-release-linux-x86_64, r-release-macos-x86_64, r-release-windows-ix86+x86_64, r-oldrel-macos-x86_64, r-oldrel-windows-ix86+x86_64
Version: 0.6.1
Check: installed package size
Result: NOTE
installed size is 5.0Mb
sub-directories of 1Mb or more:
data 3.8Mb
Flavors: r-devel-linux-x86_64-fedora-clang, r-patched-solaris-x86
Version: 0.6.1
Check: data for non-ASCII characters
Result: NOTE
Note: found 584 marked UTF-8 strings
Flavors: r-devel-linux-x86_64-fedora-clang, r-devel-linux-x86_64-fedora-gcc, r-patched-solaris-x86, r-release-macos-x86_64, r-oldrel-macos-x86_64